{"id":216,"date":"2020-09-29T16:36:53","date_gmt":"2020-09-29T14:36:53","guid":{"rendered":"http:\/\/85.25.185.15\/?page_id=216"},"modified":"2020-09-29T17:32:16","modified_gmt":"2020-09-29T15:32:16","slug":"ausbildungsplaene","status":"publish","type":"page","link":"https:\/\/feuerwehr-egeln.de\/?page_id=216","title":{"rendered":"Ausbildungspl\u00e4ne"},"content":{"rendered":"<div class=\"wpb-content-wrapper\"><p>[vc_row][vc_column][vc_column_text]<strong>Die Feuerwehr Egeln &#8211;<\/strong><\/p>\n<p><strong>hier wird gro\u00dfer Wert auf Aus- und Fortbildung gelegt.<\/strong><\/p>\n<p style=\"text-align: left;\">Ob einmal in der Woche am Standort, in der Feuerwehrtechnischen Zentrale des Landkreises in Sta\u00dffurt oder an der Landesfeuerwehrschule in Heyrothsberge &#8211; die Kameradinnen und Kameraden der Freiwilligen Feuerwehr Stadt Egeln bilden sich st\u00e4ndig weiter.<\/p>\n<p><strong>Die Standortausbildung &#8211; R\u00fcckgrat der Einsatzbereitschaft<\/strong><\/p>\n<p>Jeden Freitag treffen sich die Kameradinnen und Kameraden zur Standortausbildung um 19:00 Uhr an der Feuerwache in der Worthstra\u00dfe.<\/p>\n<p>Es werden praktische und theoretische Ausbildungsabende durchgef\u00fchrt. F\u00fcr die praktische Ausbildung wird mit den Fahrzeugen zu verschiedenen \u00dcbungsobjekten und -pl\u00e4tzen in der Umgebung gefahren.<\/p>\n<p>Interesse, bei uns mitzumachen? Wir suchen st\u00e4ndig neue Mitglieder f\u00fcr die Einsatzabteilung unserer Freiwilligen Feuerwehr. Kommen Sie einfach an einem Freitagabend 19:00 Uhr bei uns vorbei![\/vc_column_text][\/vc_column][\/vc_row][vc_row][vc_column][vc_empty_space][\/vc_column][\/vc_row][vc_row][vc_column][vc_tta_accordion style=&#8220;modern&#8220; shape=&#8220;round&#8220; c_icon=&#8220;chevron&#8220; active_section=&#8220;98&#8243; css_animation=&#8220;none&#8220; collapsible_all=&#8220;true&#8220; title=&#8220;Ausbildungspl\u00e4ne der einzelnen Abteilungen&#8220;][vc_tta_section title=&#8220;Ausbildungsplan Aktive Abteilung&#8220; tab_id=&#8220;1601391832681-55b3b4ec-2424&#8243;][vc_column_text]\n<div\n    class='wp-block-pdfp-pdf-poster  alignnone'\n    id='block-2'\n    data-attributes='{&quot;uniqueId&quot;:&quot;pdfp1&quot;,&quot;file&quot;:&quot;https:\\\/\\\/feuerwehr-egeln.de\\\/wp-content\\\/uploads\\\/2020\\\/09\\\/Dienstplan-Januar-April.pdf&quot;,&quot;title&quot;:&quot;Ausbildungs Aktive Abteilung&quot;,&quot;height&quot;:&quot;1122px&quot;,&quot;width&quot;:&quot;100%&quot;,&quot;print&quot;:true,&quot;fullscreenButton&quot;:&quot;1&quot;,&quot;newWindow&quot;:false,&quot;showName&quot;:false,&quot;downloadButton&quot;:true,&quot;downloadButtonText&quot;:&quot;Download File&quot;,&quot;protect&quot;:false,&quot;onlyPDF&quot;:false,&quot;defaultBrowser&quot;:false,&quot;thumbMenu&quot;:false,&quot;initialPage&quot;:0,&quot;sidebarOpen&quot;:false,&quot;lastVersion&quot;:false,&quot;hrScroll&quot;:0,&quot;alert&quot;:true,&quot;btnStyles&quot;:{&quot;background&quot;:&quot;#1e73be&quot;,&quot;color&quot;:&quot;#fff&quot;,&quot;fontSize&quot;:&quot;1rem&quot;,&quot;padding&quot;:{&quot;top&quot;:10,&quot;right&quot;:20,&quot;bottom&quot;:10,&quot;left&quot;:10}},&quot;popupOptions&quot;:{&quot;enabled&quot;:0,&quot;text&quot;:&quot;Open PDF&quot;,&quot;triggerType&quot;:&quot;button&quot;,&quot;image&quot;:&quot;&quot;,&quot;imageHeight&quot;:&quot;200px&quot;,&quot;imageWidth&quot;:&quot;300px&quot;,&quot;imagePdfIcon&quot;:true,&quot;triggerAlignment&quot;:&quot;center&quot;,&quot;btnStyle&quot;:{&quot;background&quot;:&quot;#1e73be&quot;,&quot;color&quot;:&quot;#fff&quot;,&quot;fontSize&quot;:&quot;1rem&quot;,&quot;padding&quot;:{&quot;top&quot;:10,&quot;right&quot;:20,&quot;bottom&quot;:10,&quot;left&quot;:10}}},&quot;actionsPosition&quot;:&quot;top&quot;,&quot;socialShare&quot;:{&quot;enabled&quot;:false,&quot;facebook&quot;:true,&quot;twitter&quot;:true,&quot;linkedin&quot;:true,&quot;pinterest&quot;:true,&quot;position&quot;:&quot;top&quot;},&quot;adobeEmbedder&quot;:false,&quot;align&quot;:&quot;none&quot;,&quot;alignment&quot;:&quot;left&quot;,&quot;titleFontSize&quot;:&quot;16px&quot;,&quot;fullscreenButtonText&quot;:&quot;View Fullscreen&quot;,&quot;isHideRightToolbar&quot;:false,&quot;additional&quot;:{&quot;ID&quot;:&quot;&quot;,&quot;Class&quot;:&quot;&quot;,&quot;CSS&quot;:&quot;&quot;},&quot;adobeOptions&quot;:{&quot;showDownloadPDF&quot;:true,&quot;showPrintPDF&quot;:true,&quot;showAnnotationTools&quot;:true,&quot;showFullScreen&quot;:false,&quot;embedMode&quot;:&quot;SIZED_CONTAINER&quot;},&quot;popupBtnStyle&quot;:{&quot;background&quot;:&quot;#2271b1&quot;,&quot;color&quot;:&quot;#fff&quot;,&quot;padding&quot;:{&quot;top&quot;:10,&quot;right&quot;:20,&quot;bottom&quot;:10,&quot;left&quot;:10}},&quot;popupBtnText&quot;:&quot;Open Document&quot;,&quot;CSS&quot;:&quot;&quot;,&quot;isPremium&quot;:false}'\n    style=\"text-align: left\">\n    \n        <iframe loading=\"lazy\" title=\"Ausbildungs Aktive Abteilung\" style=\"border:0;\" width=\"100%\" height=\"800px\" class=\"pdfp_unsupported_frame\" src=\"\/\/docs.google.com\/gview?embedded=true&url=https:\/\/feuerwehr-egeln.de\/wp-content\/uploads\/2020\/09\/Dienstplan-Januar-April.pdf\"><\/iframe>\n\n    <\/div>\n[\/vc_column_text][\/vc_tta_section][vc_tta_section title=&#8220;Ausbildungsplan Jugendfeuerwehr&#8220; tab_id=&#8220;1601391832682-6a31e1dd-942e&#8220;][vc_column_text][\/vc_column_text][\/vc_tta_section][vc_tta_section title=&#8220;Ausbildungsplan Kinderfeuerwehr&#8220; tab_id=&#8220;1601391894410-fa6ba768-6a21&#8243;][vc_column_text]\n<div\n    class='wp-block-pdfp-pdf-poster  alignnone'\n    id='block-4'\n    data-attributes='{&quot;uniqueId&quot;:&quot;pdfp3&quot;,&quot;file&quot;:&quot;https:\\\/\\\/feuerwehr-egeln.de\\\/wp-content\\\/uploads\\\/2020\\\/09\\\/Dienstplan_KF-JF_Januar-Maerz-26.pdf&quot;,&quot;title&quot;:&quot;Ausbildungsplan KF+JF&quot;,&quot;height&quot;:&quot;1122px&quot;,&quot;width&quot;:&quot;100%&quot;,&quot;print&quot;:true,&quot;fullscreenButton&quot;:&quot;1&quot;,&quot;newWindow&quot;:false,&quot;showName&quot;:false,&quot;downloadButton&quot;:false,&quot;downloadButtonText&quot;:&quot;Download File&quot;,&quot;protect&quot;:false,&quot;onlyPDF&quot;:false,&quot;defaultBrowser&quot;:false,&quot;thumbMenu&quot;:false,&quot;initialPage&quot;:0,&quot;sidebarOpen&quot;:false,&quot;lastVersion&quot;:false,&quot;hrScroll&quot;:0,&quot;alert&quot;:true,&quot;btnStyles&quot;:{&quot;background&quot;:&quot;#1e73be&quot;,&quot;color&quot;:&quot;#fff&quot;,&quot;fontSize&quot;:&quot;1rem&quot;,&quot;padding&quot;:{&quot;top&quot;:10,&quot;right&quot;:20,&quot;bottom&quot;:10,&quot;left&quot;:10}},&quot;popupOptions&quot;:{&quot;enabled&quot;:0,&quot;text&quot;:&quot;Open PDF&quot;,&quot;triggerType&quot;:&quot;button&quot;,&quot;image&quot;:&quot;&quot;,&quot;imageHeight&quot;:&quot;200px&quot;,&quot;imageWidth&quot;:&quot;300px&quot;,&quot;imagePdfIcon&quot;:true,&quot;triggerAlignment&quot;:&quot;center&quot;,&quot;btnStyle&quot;:{&quot;background&quot;:&quot;#1e73be&quot;,&quot;color&quot;:&quot;#fff&quot;,&quot;fontSize&quot;:&quot;1rem&quot;,&quot;padding&quot;:{&quot;top&quot;:10,&quot;right&quot;:20,&quot;bottom&quot;:10,&quot;left&quot;:10}}},&quot;actionsPosition&quot;:&quot;top&quot;,&quot;socialShare&quot;:{&quot;enabled&quot;:false,&quot;facebook&quot;:true,&quot;twitter&quot;:true,&quot;linkedin&quot;:true,&quot;pinterest&quot;:true,&quot;position&quot;:&quot;top&quot;},&quot;adobeEmbedder&quot;:false,&quot;align&quot;:&quot;none&quot;,&quot;alignment&quot;:&quot;left&quot;,&quot;titleFontSize&quot;:&quot;16px&quot;,&quot;fullscreenButtonText&quot;:&quot;View Fullscreen&quot;,&quot;isHideRightToolbar&quot;:false,&quot;additional&quot;:{&quot;ID&quot;:&quot;&quot;,&quot;Class&quot;:&quot;&quot;,&quot;CSS&quot;:&quot;&quot;},&quot;adobeOptions&quot;:{&quot;showDownloadPDF&quot;:true,&quot;showPrintPDF&quot;:true,&quot;showAnnotationTools&quot;:true,&quot;showFullScreen&quot;:false,&quot;embedMode&quot;:&quot;SIZED_CONTAINER&quot;},&quot;popupBtnStyle&quot;:{&quot;background&quot;:&quot;#2271b1&quot;,&quot;color&quot;:&quot;#fff&quot;,&quot;padding&quot;:{&quot;top&quot;:10,&quot;right&quot;:20,&quot;bottom&quot;:10,&quot;left&quot;:10}},&quot;popupBtnText&quot;:&quot;Open Document&quot;,&quot;CSS&quot;:&quot;&quot;,&quot;isPremium&quot;:false}'\n    style=\"text-align: left\">\n    \n        <iframe loading=\"lazy\" title=\"Ausbildungsplan KF+JF\" style=\"border:0;\" width=\"100%\" height=\"800px\" class=\"pdfp_unsupported_frame\" src=\"\/\/docs.google.com\/gview?embedded=true&url=https:\/\/feuerwehr-egeln.de\/wp-content\/uploads\/2020\/09\/Dienstplan_KF-JF_Januar-Maerz-26.pdf\"><\/iframe>\n\n    <\/div>\n[\/vc_column_text][\/vc_tta_section][\/vc_tta_accordion][\/vc_column][\/vc_row]<\/p>\n<\/div> ","protected":false},"excerpt":{"rendered":"<p>[vc_row][vc_column][vc_column_text]Die Feuerwehr Egeln &#8211; hier wird gro\u00dfer Wert auf Aus- und Fortbildung gelegt. Ob einmal in der Woche am Standort, in der Feuerwehrtechnischen Zentrale des Landkreises in Sta\u00dffurt oder an der Landesfeuerwehrschule in Heyrothsberge &#8211; die Kameradinnen und Kameraden der Freiwilligen Feuerwehr Stadt Egeln bilden sich st\u00e4ndig weiter. Die Standortausbildung &#8211; R\u00fcckgrat der Einsatzbereitschaft Jeden Freitag treffen sich die Kameradinnen&#8230;<\/p>\n","protected":false},"author":1,"featured_media":0,"parent":0,"menu_order":0,"comment_status":"closed","ping_status":"closed","template":"","meta":{"_acf_changed":false,"pgc_sgb_lightbox_settings":"","footnotes":""},"class_list":["post-216","page","type-page","status-publish","hentry"],"acf":[],"_links":{"self":[{"href":"https:\/\/feuerwehr-egeln.de\/index.php?rest_route=\/wp\/v2\/pages\/216","targetHints":{"allow":["GET"]}}],"collection":[{"href":"https:\/\/feuerwehr-egeln.de\/index.php?rest_route=\/wp\/v2\/pages"}],"about":[{"href":"https:\/\/feuerwehr-egeln.de\/index.php?rest_route=\/wp\/v2\/types\/page"}],"author":[{"embeddable":true,"href":"https:\/\/feuerwehr-egeln.de\/index.php?rest_route=\/wp\/v2\/users\/1"}],"replies":[{"embeddable":true,"href":"https:\/\/feuerwehr-egeln.de\/index.php?rest_route=%2Fwp%2Fv2%2Fcomments&post=216"}],"version-history":[{"count":13,"href":"https:\/\/feuerwehr-egeln.de\/index.php?rest_route=\/wp\/v2\/pages\/216\/revisions"}],"predecessor-version":[{"id":241,"href":"https:\/\/feuerwehr-egeln.de\/index.php?rest_route=\/wp\/v2\/pages\/216\/revisions\/241"}],"wp:attachment":[{"href":"https:\/\/feuerwehr-egeln.de\/index.php?rest_route=%2Fwp%2Fv2%2Fmedia&parent=216"}],"curies":[{"name":"wp","href":"https:\/\/api.w.org\/{rel}","templated":true}]}}